777 and 5149?
19
Calculate the highest common factor of 27106165 and 13095.
485
What is the greatest common factor of 121 and 484640211?
121
Calculate the highest common factor of 2780296 and 8.
8
What is the greatest common factor of 1512 and 847368?
216
Calculate the greatest common factor of 2852 and 197191.
31
What is the greatest common divisor of 61805 and 25638555?
1315
What is the greatest common divisor of 560608 and 256?
32
What is the highest common divisor of 78621 and 6980037?
1077
What is the highest common divisor of 39221637 and 273?
273
Calculate the greatest common factor of 3899378 and 347222.
2498
Calculate the greatest common divisor of 24654112 and 448.
224
Calculate the highest common factor of 18401550 and 390003.
5493
What is the greatest common factor of 13142352 and 6441?
339
What is the greatest common factor of 3440734 and 22?
22
What is the greatest common divisor of 5270 and 2459050?
170
What is the highest common divisor of 618 and 48861861?
309
Calculate the greatest common factor of 65054 and 13772.
22
What is the highest common divisor of 299 and 245387?
23
Calculate the highest common factor of 894263 and 5.
1
What is the highest common factor of 24610 and 738070?
230
Calculate the highest common divisor of 13574 and 6334042.
22
What is the highest common factor of 32550372 and 4092?
372
What is the highest common factor of 6117 and 3203269?
2039
What is the highest common factor of 1727 and 1014063?
157
Calculate the greatest common divisor of 43836 and 586794.
78
Calculate the greatest common factor of 13010898 and 24.
6
Calculate the highest common divisor of 15873 and 28064751.
429
What is the highest common factor of 24 and 1941738?
6
What is the highest common factor of 2612 and 15291301?
653
What is the greatest common divisor of 7533394 and 154?
22
Calculate the highest common factor of 14022 and 390361.
41
What is the highest common divisor of 861 and 25928646?
123
What is the greatest common divisor of 18348 and 1485076?
556
What is the greatest common divisor of 2289507 and 913?
11
What is the highest common divisor of 227347 and 205021?
61
What is the highest common divisor of 78404649 and 318?
159
What is the highest common divisor of 19 and 125284518?
19
What is the highest common divisor of 2410661 and 583?
11
Calculate the greatest common divisor of 4851255 and 9435.
555
Calculate the greatest common factor of 3066 and 38297.
7
What is the highest common divisor of 71582954 and 1394?
34
Calculate the greatest common divisor of 3940 and 241543670.
1970
What is the highest common factor of 7175 and 10933675?
1025
What is the highest common factor of 165064 and 78960?
376
What is the highest common divisor of 665 and 870151170?
665
What is the greatest common factor of 58740 and 466620?
660
What is the greatest common divisor of 7702776 and 1512?
216
What is the highest common factor of 22304 and 913070?
1394
Calculate the highest common divisor of 48015990 and 8874.
306
What is the highest common divisor of 15327 and 17930887?
1703
What is the highest common factor of 449 and 530938459?
449
Calculate the highest common factor of 7881536 and 832.
832
Calculate the highest common factor of 430561728 and 5022.
558
What is the greatest common divisor of 2322 and 68210814?
258
Calculate the greatest common factor of 985 and 553510.
5
Calculate the greatest common divisor of 1002555 and 9873.
9
What is the greatest common divisor of 44451 and 27951?
33
Calculate the greatest common factor of 2285909 and 31.
31
What is the greatest common divisor of 8066911 and 87705?
1949
Calculate the greatest common divisor of 3591 and 6489735.
399
What is the highest common factor of 5960721 and 39?
39
Calculate the highest common divisor of 39525 and 6297225.
1275
Calculate the greatest common divisor of 288 and 2627288.
8
Calculate the greatest common factor of 83801850 and 22.
22
What is the greatest common divisor of 72 and 83191014?
18
What is the highest common divisor of 1558112 and 1102957?
2117
Calculate the greatest common factor of 10414 and 3030392.
82
What is the highest common divisor of 121581096 and 119424?
7464
Calculate the greatest common factor of 251 and 127600117.
251
What is the greatest common factor of 1977020 and 32800?
820
Calculate the highest common divisor of 62208 and 477504.
576
Calculate the highest common factor of 32361088 and 61497.
6833
Calculate the greatest common divisor of 1048564000 and 750.
250
What is the highest common factor of 481084 and 19264?
172
What is the greatest common factor of 320 and 6341080?
40
What is the highest common factor of 130472242 and 372?
62
Calculate the greatest common divisor of 5389986 and 714.
714
Calculate the greatest common factor of 6759705 and 70215.
465
What is the highest common divisor of 418 and 6425534?
38
What is the highest common divisor of 9762059 and 41?
41
What is the greatest common factor of 2110547 and 2?
1
What is the greatest common divisor of 1486601 and 292421?
1531
What is the greatest common divisor of 13915862 and 2314?
178
What is the highest common factor of 55302870 and 41650?
8330
Calculate the greatest common factor of 15165744 and 110.
22
Calculate the greatest common factor of 185 and 457801.
37
Calculate the greatest common divisor of 322560 and 13230.
630
What is the highest common divisor of 2 and 246972842?
2
What is the greatest common divisor of 2964 and 59940516?
228
What is the highest common divisor of 10586144 and 444?
148
What is the highest common divisor of 2414768 and 2960?
592
What is the greatest common divisor of 2310 and 1110?
30
Calculate the greatest common divisor of 224451 and 9244056.
8313
Calculate the greatest common factor of 2872 and 892534312.
2872
Calculate the highest common divisor of 1649 and 9668863.
97
What is the greatest common factor of 4 and 3211293?
1
What is the greatest common divisor of 341655105 and 5709?
5709
Calculate the greatest common factor of 95622912 and 1056.
1056
What is the greatest common divisor of 109863 and 32292?
351
What is the highest common factor of 502887 and 19929?
21
Calculate the highest common factor of 129423924 and 340.
68
What is the highest common factor of 1524 and 276302724?
1524
What is the greatest common factor of 190304075 and 52?
13
What is the greatest common factor of 47334 and 10123302?
2058
Calculate the highest common divisor of 3484 and 5512.
52
What is the highest common factor of 6134 and 310?
2
Calculate the highest common divisor of 218 and 72323680.
218
What is the highest common factor of 126673934 and 1454?
1454
What is the greatest common divisor of 1122 and 455334?
66
Calculate the greatest common factor of 147 and 15830535.
21
What is the greatest common factor of 192 and 5834256?
48
What is the highest common divisor of 4690 and 2087442?
14
Calculate the greatest common divisor of 384838 and 11412.
634
What is the greatest common factor of 2646 and 650322?
54
Calculate the greatest common factor of 185 and 11159977.
37
Calculate the greatest common factor of 292060 and 8325428.
3436
What is the highest common divisor of 2905575 and 7325?
25
What is the greatest common factor of 8829301 and 2529?
281
What is the greatest common factor of 1771637 and 1387?
73
Calculate the greatest common divisor of 55 and 5664791.
11
Calculate the highest common divisor of 279 and 133976637.
279
Calculate the highest common factor of 387486 and 3211.
19
What is the highest common factor of 16 and 442760816?
16
Calculate the highest common divisor of 54912300 and 108.
12
What is the highest common factor of 371 and 62063?
53
Calculate the greatest common divisor of 408 and 31518.
102
What is the highest common divisor of 12216466 and 6?
2
Calculate the highest common divisor of 514386 and 15759.
153
What is the greatest common factor of 48 and 893768?
8
What is the greatest common factor of 93398 and 7006244?
1394
Calculate the greatest common divisor of 713 and 118082.
23
Calculate the greatest common factor of 3205426 and 40.
2
Calculate the highest common factor of 4508976 and 224.
16
What is the highest common factor of 1679 and 61157?
23
What is the greatest common factor of 778032 and 1728?
432
What is the highest common d